- 4*i**2 - i - 3. Let g be a(-4). What are the prime factors of 16 + 1/g - -2?
19
Let s = 10 + 8. Suppose -2*m = -4*i + s, -4*i - 2*m - 4 = -i. Suppose -i*q = -7 + 1. What are the prime factors of q?
3
Let r = 8 + 11. Suppose 4*f = 5*k - 125 + r, f = 2*k - 43. What are the prime factors of k?
2, 11
What are the prime factors of -3 + 36 + 3 + -1?
5, 7
Let o(j) = -6*j. Suppose 65 = 5*l + 25. Let x = l + -10. List the prime factors of o(x).
2, 3
Suppose -268 = -5*x + x. What are the prime factors of x?
67
Suppose 5*z = -2*k + 55, 2*k + 22 = z + z. List the prime factors of z.
11
Let b(h) be the second derivative of -h**5/120 + h**3/6 - 2*h. Let x(l) be the second derivative of b(l). What are the prime factors of x(-2)?
2
Let g be (6 - 2)/(4/10). Let s = 19 - g. List the prime factors of s.
3
Let k(v) = v. Let x be k(2). Suppose x*n - 23 = 3*r, r + 1 = 4. List the prime factors of n.
2
Let b be (-4 - 1)*(-5 + 2). List the prime factors of ((-5)/b)/(2/(-12)).
2
Let o be 318/(-27) + 6/(-27). Let k(c) = -2*c - 6. What are the prime factors of k(o)?
2, 3
Let l = 22 - -36. What are the prime factors of l?
2, 29
Let m(y) = -3 + 3 + 6*y. Let o be m(1). What are the prime factors of o/(-27) + (-38)/(-9)?
2
Suppose -2*m = -7*m - 5*h + 415, 5*m = 4*h + 388. List the prime factors of m.
2, 5
Suppose 0*y - 15 = 5*y. Let a(p) = -p**2 - 5*p + 3. What are the prime factors of a(y)?
3
Suppose -2*k + 3*k = 11. List the prime factors of k.
11
Let l be 4/10 + 54/15. Suppose l - 8 = -2*y. What are the prime factors of y?
2
Let l = -27 + 48. What are the prime factors of l?
3, 7
Let h be 7/(7/2)*2. Suppose h*p = 5*u + 163, 0 = 3*p - 2*p - 3*u - 39. List the prime factors of p.
2, 3, 7
Let f(g) = -g**2 + 12*g + 15. List the prime factors of f(11).
2, 13
What are the prime factors of ((-68)/6)/(10/(-15))?
17
Let c(z) = -z**3 - 2*z**3 + 4*z**3 - 4 - 7*z + 4*z**2 + 6. What are the prime factors of c(-5)?
2, 3
Let b = -116 + 83. Let k = b + 49. What are the prime factors of k?
2
Suppose 3*n - 10 = 2*n. Suppose -2 = 2*k - n. Suppose -k*i + 16 = -32. What are the prime factors of i?
2, 3
Let h(q) = -q**3 + 11*q**2 + q - 9. Let k be h(11). Suppose 0*i - k*i + 16 = 0. List the prime factors of i.
2
Let o be ((-16)/10)/((-8)/20). Suppose -2*x + 4*s = -12, o = x - 4*s + 2. List the prime factors of x.
2, 5
Let j = 700 - 454. What are the prime factors of j/21 + (-4)/(-14)?
2, 3
Let n = 41 + -7. What are the prime factors of n?
2, 17
Let t(q) = q**3 - 5*q**2 - q + 4. Let l be t(4). What are the prime factors of 4/(-5)*120/l?
2, 3
Let c be 57/9 + 2/(-6). Suppose 3*w - c*w = -30. List the prime factors of w.
2, 5
Suppose 2*p - 3*r - 5 = 0, p + r - 13 = -2*p. Suppose 2*y + 20 = -0*y + 4*x, -5*y - p*x + 6 = 0. List the prime factors of y + 0 + 8 + 1.
7
Let f be (-7)/(-14) - (-5)/2. Suppose -b + 2*h + 27 = 0, 5*b = -f*h - 27 + 123. List the prime factors of b.
3, 7
Let z(f) be the second derivative of f**5/20 + 5*f**4/6 + 4*f**3/3 - 7*f**2/2 - f. What are the prime factors of z(-9)?
2
Suppose -2*r - 552 = -4*p - 3*r, -5*p - 3*r = -683. List the prime factors of p.
139
What are the prime factors of (-3)/((-3)/(-16))*-1?
2
Let u be 1/((-1)/(-2)) - -3. Suppose 4*p = -2*m + 36, 4 = u*m - 16. List the prime factors of p.
7
Suppose r + r = 10, 2*j - 3*r = 23. What are the prime factors of j?
19
Let g(i) = 2*i + 2. Let a be g(-5). Let d = -61 + 50. Let h = a - d. What are the prime factors of h?
3
Suppose -144 = -2*q - 2*u - 0*u, 0 = 3*q - 4*u - 188. What are the prime factors of q?
2, 17
Suppose 4*p + 4*j - 2784 = -0*p, -6 = -2*j. List the prime factors of 1/5 + p/35.
2, 5
Suppose 0*o - 47 = 4*j - 3*o, 5*j + 50 = 2*o. List the prime factors of (j/5)/((-2)/10).
2
Let b(m) be the second derivative of m**3/6 + 4*m**2 - 2*m - 17. Suppose 3*q = -13 - 5. What are the prime factors of b(q)?
2
Let a = 2 - 15. Let u(r) = r + 15. Let k be u(a). Suppose 0 = -q + 5, -3*m + 10 = k*m - 4*q. List the prime factors of m.
2, 3
Suppose -o = 0, 18 = b + o + 4*o. Let a = b + -10. Suppose 0 = -0*n + 2*n - a. What are the prime factors of n?
2
Let r(l) = -l + 5. List the prime factors of r(-7).
2, 3
Suppose 4*m - 30 = 2*f, 2*m - f = m + 5. List the prime factors of m.
2, 5
Let d = -25 + 40. What are the prime factors of d?
3, 5
Let i(x) = 4*x**2 + 3*x + 2. Let d be (-15)/6*(-8)/10. Suppose -d*y = 5*t + 18, -5*y = 4*t - y + 24. List the prime factors of i(t).
2, 3
Let d(m) = -m. Let a be d(-3). Suppose 3*o - 3*z - 2 = 4, z = a*o - 6. List the prime factors of o.
2
List the prime factors of (3 + -2)/((-2)/(-62)).
31
Let h be ((-6)/5)/(2/(-5)). Suppose 3 = -3*w - h*u, 2*w = u - 2*u - 1. Suppose -t + 5*t - 44 = w. List the prime factors of t.
11
Let f = 282 + -118. List the prime factors of f.
2, 41
Let i be 2*-1 + (5 - -1). Suppose -5*v = -3*s - v + 5, -5*s = i*v - 19. Suppose 3*k - 11 = -s*y - k, -4*y + 17 = 3*k. List the prime factors of y.
5
Let a(q) = q. Let w(j) = -2*j + 6. Let z(v) = 5*a(v) + w(v). Let t be z(9). Suppose 2*c = -3 + t. What are the prime factors of c?
3, 5
Let p(y) be the third derivative of -y**5/60 - y**4/3 + 5*y**3/3 + 2*y**2. What are the prime factors of p(-7)?
17
Suppose -2*i + 2*u - 7*u = -148, 0 = -2*u - 4. List the prime factors of i.
79
Suppose -249 - 31 = -5*u. What are the prime factors of u?
2, 7
List the prime factors of ((-765)/6 - (1 + 0))*-2.
257
Let a = -15 - -21. Suppose -a = -4*h + 3*h. Suppose 0*q - h = -c + q, -5*c + 3*q + 30 = 0. What are the prime factors of c?
2, 3
Let u(g) = 164*g**2 - 3*g - 17. Let x(b) = -55*b**2 + b + 6. Let r(t) = -6*u(t) - 17*x(t). Let f be r(1). What are the prime factors of ((-1)/2)/(2/f)?
2, 3
Let z = 14 + -12. Suppose z*g = -2*g + 16. List the prime factors of g.
2
Let o(s) = s - 7. Let y be o(10). Suppose -2*i = -5*i + 69. Suppose -f + 4*f = -y, -f + i = 3*q. What are the prime factors of q?
2
Suppose 0 = -p + 4*x - 5*x + 7, 0 = -p + x + 3. Suppose -p*q + 18 = -2*q. What are the prime factors of q?
2, 3
Suppose 2*g + 2*g - 17 = t, 2*t = 2*g - 16. What are the prime factors of g?
3
Let a = -4 - -8. Let l be (9/a)/(-3)*4. Let t = 2 - l. What are the prime factors of t?
5
Suppose 3 = l - 18. Suppose 5*o + 4*w - 160 = 0, -o + l = -2*w + 5*w. What are the prime factors of o?
2, 3
Let q(h) = h**2 + 2*h - 5*h**2 + 2*h**2. Let x be q(2). What are the prime factors of -2*(66/x)/3?
11
Let m = -46 - -24. Let f = -8 - m. List the prime factors of f.
2, 7
Let v(x) = -x**2 - 3*x - 2. Let s be v(-5). Let w = 9 - s. List the prime factors of w.
3, 7
Let i be (-20)/6*(-18)/12. Let a(h) = 7*h**3 + h**2 + 6*h - 5. Let w(f) = 3*f**3 + f**2 + 3*f - 3. Let y(o) = -4*a(o) + 9*w(o). List the prime factors of y(i).
2
Suppose -2*i + 5 = -5*x - 11, 3*i = -4*x - 22. List the prime factors of (x/(-5))/(1/5).
2
Let d(c) = 3*c**2 - 8*c - 5. Let p be d(6). Let g(k) = k**3 + 10*k**2 + 16*k. Let r be g(-7). Let u = p - r. List the prime factors of u.
2, 5
Let h(g) = g**2 + 12*g + 11. Let t be h(-11). Let r = 20 - t. What are the prime factors of r?
2, 5
Let m(x) = x**2 + 7*x - 3. Let t be m(-7). Let s be ((-6)/(-4))/t*2. List the prime factors of (3 - -7)*s/(-2).
5
Suppose -5*r - 4*c - 85 = 0, -5*r = -2*c - 0*c + 115. What are the prime factors of 164/14 + (-6)/r?
2, 3
Let n = 17 + -27. Let r = -3 - n. List the prime factors of r.
7
What are the prime factors of 13/(65/350)*2/2?
2, 5, 7
Let k = -91 + 392. List the prime factors of k.
7, 43
Suppose -h + 0 = -5*m + 2, 3*h = -2*m - 6. Suppose -7*d + 4*d + 36 = m. List the prime factors of d.
2, 3
Let b = -2 + -4. List the prime factors of (36/(-30))/(b/160).
2
Suppose -4*z + 388 = 2*o, 3*o = -4*z + 116 + 462. List the prime factors of o.
2, 5, 19
Let t(v) = v**2 + v + v - 1 - 2 + 0*v. Let j be t(-3). Let w = 2 - j. What are the prime factors of w?
2
Let h be (-92)/(-22) + (-2)/11. Let d = -14 + 20. What are the prime factors of d/h - (-50)/4?
2, 7
What are the prime factors of 16*(12/(-54) - 250/(-72))?
2, 13
Let x = -21 + 48. Suppose 4*v + 2*b + 2*b = 12, -4*v = -b - x. What are the prime factors of v?
2, 3
Let n be -1 + 1 - 0 - -3. Suppose -c - 2*r + n = -7, 0 = -4*r + 12. What are the prime factors of c?
2
Let a be (-2)/8 - (-253)/4. Suppose -47 - a = -5*o. What are the prime factors of o?
2, 11
Suppose -8 = 3*y + 4*x, 